{"id":206,"date":"2019-12-31T19:49:12","date_gmt":"2019-12-31T18:49:12","guid":{"rendered":"https:\/\/www.forstcontrol.ch\/info\/?page_id=206"},"modified":"2020-01-17T15:18:09","modified_gmt":"2020-01-17T14:18:09","slug":"referenzen-maschinenring","status":"publish","type":"page","link":"https:\/\/mr-control.ch\/info\/referenzen-maschinenring\/","title":{"rendered":"Referenzen"},"content":{"rendered":"\t\t<div data-elementor-type=\"wp-page\" data-elementor-id=\"206\" class=\"elementor elementor-206\" data-elementor-post-type=\"page\">\n\t\t\t\t\t\t<section class=\"elementor-section elementor-top-section elementor-element elementor-element-a739109 elementor-section-boxed elementor-section-height-default elementor-section-height-default\" data-id=\"a739109\" data-element_type=\"section\">\n\t\t\t\t\t\t<div class=\"elementor-container elementor-column-gap-default\">\n\t\t\t\t\t<div class=\"elementor-column elementor-col-100 elementor-top-column elementor-element elementor-element-d43ddf7\" data-id=\"d43ddf7\" data-element_type=\"column\">\n\t\t\t<div class=\"elementor-widget-wrap elementor-element-populated\">\n\t\t\t\t\t\t<div class=\"elementor-element elementor-element-0626f2e elementor-widget elementor-widget-heading\" data-id=\"0626f2e\" data-element_type=\"widget\" data-widget_type=\"heading.default\">\n\t\t\t\t<div class=\"elementor-widget-container\">\n\t\t\t<h1 class=\"elementor-heading-title elementor-size-xxl\">Referenzen aus der Maschinenring Branche<\/h1>\t\t<\/div>\n\t\t\t\t<\/div>\n\t\t\t\t<div class=\"elementor-element elementor-element-b55e602 elementor-widget elementor-widget-text-editor\" data-id=\"b55e602\" data-element_type=\"widget\" data-widget_type=\"text-editor.default\">\n\t\t\t\t<div class=\"elementor-widget-container\">\n\t\t\t\t\t\t\t<p>Warum sollten auch Sie MR Control nutzen? Referenzen aus der Maschinenring Branche.<\/p>\t\t\t\t\t\t<\/div>\n\t\t\t\t<\/div>\n\t\t\t\t\t<\/div>\n\t\t<\/div>\n\t\t\t\t\t<\/div>\n\t\t<\/section>\n\t\t\t\t<section class=\"elementor-section elementor-top-section elementor-element elementor-element-7e22089 elementor-section-boxed elementor-section-height-default elementor-section-height-default\" data-id=\"7e22089\" data-element_type=\"section\">\n\t\t\t\t\t\t<div class=\"elementor-container elementor-column-gap-default\">\n\t\t\t\t\t<div class=\"elementor-column elementor-col-100 elementor-top-column elementor-element elementor-element-5b50402\" data-id=\"5b50402\" data-element_type=\"column\">\n\t\t\t<div class=\"elementor-widget-wrap elementor-element-populated\">\n\t\t\t\t\t\t<div class=\"elementor-element elementor-element-e7d2998 elementor-widget elementor-widget-spacer\" data-id=\"e7d2998\" data-element_type=\"widget\" data-widget_type=\"spacer.default\">\n\t\t\t\t<div class=\"elementor-widget-container\">\n\t\t\t\t\t<div class=\"elementor-spacer\">\n\t\t\t<div class=\"elementor-spacer-inner\"><\/div>\n\t\t<\/div>\n\t\t\t\t<\/div>\n\t\t\t\t<\/div>\n\t\t\t\t\t<\/div>\n\t\t<\/div>\n\t\t\t\t\t<\/div>\n\t\t<\/section>\n\t\t\t\t<section class=\"elementor-section elementor-top-section elementor-element elementor-element-5a6cdac elementor-section-boxed elementor-section-height-default elementor-section-height-default\" data-id=\"5a6cdac\" data-element_type=\"section\">\n\t\t\t\t\t\t<div class=\"elementor-container elementor-column-gap-default\">\n\t\t\t\t\t<div class=\"elementor-column elementor-col-50 elementor-top-column elementor-element elementor-element-c6be734\" data-id=\"c6be734\" data-element_type=\"column\">\n\t\t\t<div class=\"elementor-widget-wrap elementor-element-populated\">\n\t\t\t\t\t\t<div class=\"elementor-element elementor-element-e02440f elementor-widget elementor-widget-testimonial\" data-id=\"e02440f\" data-element_type=\"widget\" data-widget_type=\"testimonial.default\">\n\t\t\t\t<div class=\"elementor-widget-container\">\n\t\t\t\t\t<div class=\"elementor-testimonial-wrapper\">\n\t\t\t\t\t\t\t<div class=\"elementor-testimonial-content\">Fabian Br\u00fchwiler, Gesch\u00e4ftsf\u00fchrer <a href=\"https:\/\/www.maschinenring.ch\/\" target=\"_blank\">Maschinenring Schweiz<\/a>: \u00abDie Zeiterfassung und Maschinenstunden wurden von Hand auf den entsprechenden Rapportbl\u00e4ttern durch die Mitarbeiter erfasst. Anschliessend wurden die Rapportbl\u00e4tter durch das Sekretariat ins Digitale transferiert. \n<br><br>\nMit MR Control k\u00f6nnen wir nun jederzeit nachschauen, wie viele Stunden in einem Auftrag bereits geleistet wurden. Zudem k\u00f6nnen wir t\u00e4glich die <b>Stundeneintr\u00e4ge der Mitarbeiter \u00fcberpr\u00fcfen<\/b>, auch dann, wenn wir nicht bei ihnen vor Ort sind. <b>Auf unserem Sekretariat fallen seit der Einf\u00fchrung von MR Control ca. 1.5 Tage <em>Abtipparbeiten<\/em> weg.<\/b> <br><br>Was uns wirklich begeistert, ist die Einfachheit der Bedienung und die M\u00f6glichkeit, dass jeder Mitarbeiter selbst nachschauen kann, wie viele Ferien er noch zugute hat. <br><br>Die saubere Trennung von Vorbereitung und Erfassung ist ideal gel\u00f6st. Unsere Teamleiter er\u00f6ffnen den Auftrag und die f\u00fcr die Auftragsausf\u00fchrung zust\u00e4ndigen Mitarbeiter erfassen alle Ressourcen (Arbeitszeit, Maschinenstunden, Wegkilometer, usw.) f\u00fcr diesen Auftrag.\u00bb<\/div>\n\t\t\t\n\t\t\t\t\t\t<div class=\"elementor-testimonial-meta elementor-has-image elementor-testimonial-image-position-aside\">\n\t\t\t\t<div class=\"elementor-testimonial-meta-inner\">\n\t\t\t\t\t\t\t\t\t\t\t<div class=\"elementor-testimonial-image\">\n\t\t\t\t\t\t\t<img decoding=\"async\" width=\"126\" height=\"117\" src=\"https:\/\/mr-control.ch\/info\/wp-content\/uploads\/2020\/01\/csm_Fabian_Bruehwile_01_23c96fbfd9.png\" class=\"attachment-full size-full wp-image-337\" alt=\"Referenzen aus der Maschinenring Branche\" \/>\t\t\t\t\t\t<\/div>\n\t\t\t\t\t\n\t\t\t\t\t\t\t\t\t\t<div class=\"elementor-testimonial-details\">\n\t\t\t\t\t\t\t\t\t\t\t\t\t\t<div class=\"elementor-testimonial-name\">Fabian Br\u00fchwiler<\/div>\n\t\t\t\t\t\t\t\t\t\t\t\t\t\t\t\t\t\t\t\t\t\t<div class=\"elementor-testimonial-job\">Gesch\u00e4ftsf\u00fchrer <br> Maschinenring Schweiz<\/div>\n\t\t\t\t\t\t\t\t\t\t\t\t\t<\/div>\n\t\t\t\t\t\t\t\t\t<\/div>\n\t\t\t<\/div>\n\t\t\t\t\t<\/div>\n\t\t\t\t<\/div>\n\t\t\t\t<\/div>\n\t\t\t\t\t<\/div>\n\t\t<\/div>\n\t\t\t\t<div class=\"elementor-column elementor-col-50 elementor-top-column elementor-element elementor-element-916d6ed\" data-id=\"916d6ed\" data-element_type=\"column\">\n\t\t\t<div class=\"elementor-widget-wrap elementor-element-populated\">\n\t\t\t\t\t\t<div class=\"elementor-element elementor-element-dcf21ea elementor-widget elementor-widget-testimonial\" data-id=\"dcf21ea\" data-element_type=\"widget\" data-widget_type=\"testimonial.default\">\n\t\t\t\t<div class=\"elementor-widget-container\">\n\t\t\t\t\t<div class=\"elementor-testimonial-wrapper\">\n\t\t\t\t\t\t\t<div class=\"elementor-testimonial-content\">Christian Beutter, Gr\u00fcnder der hitschlain gmbh in Zuoz, ist von der Software \u00fcberzeugt. <br>\u00abBevor ich mit <a href=\"https:\/\/www.forstcontrol.ch\/info\/\" target=\"_blank\">ForstControl <\/a> arbeiten durfte, erfasst ich meine Rapporte in einem Excel-Dokument und schrieb jede einzelne Rechnung im Word. Um den Rechnungsbetrag zu bestimmen, musste ich h\u00e4ufig den Taschenrechner zur Hand nehmen. <br><br>Seit ich ForstControl nutze, bin ich viel effizienter geworden. <b>Meine Daten habe ich immer und \u00fcberall dabei<\/b>, sodass ich flexibel agieren kann. An der Applikation sch\u00e4tze ich aber am meisten, dass ich die Rechnungen jeweils mit nur einem Klick aus dem Auftrag erstellen kann.\u00bb so Beutter.<\/div>\n\t\t\t\n\t\t\t\t\t\t<div class=\"elementor-testimonial-meta elementor-has-image elementor-testimonial-image-position-aside\">\n\t\t\t\t<div class=\"elementor-testimonial-meta-inner\">\n\t\t\t\t\t\t\t\t\t\t\t<div class=\"elementor-testimonial-image\">\n\t\t\t\t\t\t\t<img fetchpriority=\"high\" decoding=\"async\" width=\"1920\" height=\"2560\" src=\"https:\/\/mr-control.ch\/info\/wp-content\/uploads\/2019\/12\/IMG_2254-scaled.jpg\" class=\"attachment-full size-full wp-image-213\" alt=\"Referenzen aus der Maschinenring Branche\" srcset=\"https:\/\/mr-control.ch\/info\/wp-content\/uploads\/2019\/12\/IMG_2254-scaled.jpg 1920w, https:\/\/mr-control.ch\/info\/wp-content\/uploads\/2019\/12\/IMG_2254-225x300.jpg 225w, https:\/\/mr-control.ch\/info\/wp-content\/uploads\/2019\/12\/IMG_2254-768x1024.jpg 768w, https:\/\/mr-control.ch\/info\/wp-content\/uploads\/2019\/12\/IMG_2254-1152x1536.jpg 1152w, https:\/\/mr-control.ch\/info\/wp-content\/uploads\/2019\/12\/IMG_2254-1536x2048.jpg 1536w, https:\/\/mr-control.ch\/info\/wp-content\/uploads\/2019\/12\/IMG_2254-1568x2091.jpg 1568w\" sizes=\"(max-width: 1920px) 100vw, 1920px\" \/>\t\t\t\t\t\t<\/div>\n\t\t\t\t\t\n\t\t\t\t\t\t\t\t\t\t<div class=\"elementor-testimonial-details\">\n\t\t\t\t\t\t\t\t\t\t\t\t\t\t<div class=\"elementor-testimonial-name\">Christian Beutter<\/div>\n\t\t\t\t\t\t\t\t\t\t\t\t\t\t\t\t\t\t\t\t\t\t<div class=\"elementor-testimonial-job\">Inhaber Hitschlain GmbH<\/div>\n\t\t\t\t\t\t\t\t\t\t\t\t\t<\/div>\n\t\t\t\t\t\t\t\t\t<\/div>\n\t\t\t<\/div>\n\t\t\t\t\t<\/div>\n\t\t\t\t<\/div>\n\t\t\t\t<\/div>\n\t\t\t\t\t<\/div>\n\t\t<\/div>\n\t\t\t\t\t<\/div>\n\t\t<\/section>\n\t\t\t\t<section class=\"elementor-section elementor-top-section elementor-element elementor-element-6cfe293 elementor-section-boxed elementor-section-height-default elementor-section-height-default\" data-id=\"6cfe293\" data-element_type=\"section\">\n\t\t\t\t\t\t<div class=\"elementor-container elementor-column-gap-default\">\n\t\t\t\t\t<div class=\"elementor-column elementor-col-100 elementor-top-column elementor-element elementor-element-3e3cc16\" data-id=\"3e3cc16\" data-element_type=\"column\">\n\t\t\t<div class=\"elementor-widget-wrap elementor-element-populated\">\n\t\t\t\t\t\t<div class=\"elementor-element elementor-element-38a08ed elementor-widget elementor-widget-spacer\" data-id=\"38a08ed\" data-element_type=\"widget\" data-widget_type=\"spacer.default\">\n\t\t\t\t<div class=\"elementor-widget-container\">\n\t\t\t\t\t<div class=\"elementor-spacer\">\n\t\t\t<div class=\"elementor-spacer-inner\"><\/div>\n\t\t<\/div>\n\t\t\t\t<\/div>\n\t\t\t\t<\/div>\n\t\t\t\t\t<\/div>\n\t\t<\/div>\n\t\t\t\t\t<\/div>\n\t\t<\/section>\n\t\t\t\t<section class=\"elementor-section elementor-top-section elementor-element elementor-element-936111b elementor-section-boxed elementor-section-height-default elementor-section-height-default\" data-id=\"936111b\" data-element_type=\"section\">\n\t\t\t\t\t\t<div class=\"elementor-container elementor-column-gap-default\">\n\t\t\t\t\t<div class=\"elementor-column elementor-col-100 elementor-top-column elementor-element elementor-element-7f8c062\" data-id=\"7f8c062\" data-element_type=\"column\">\n\t\t\t<div class=\"elementor-widget-wrap elementor-element-populated\">\n\t\t\t\t\t\t<div class=\"elementor-element elementor-element-4a094f4 elementor-widget elementor-widget-heading\" data-id=\"4a094f4\" data-element_type=\"widget\" data-widget_type=\"heading.default\">\n\t\t\t\t<div class=\"elementor-widget-container\">\n\t\t\t<h2 class=\"elementor-heading-title elementor-size-xl\">Die Referenzen aus der Maschinenring Branche haben Sie \u00fcberzeugt? <br>Jetzt gleich bestellen!<\/h2>\t\t<\/div>\n\t\t\t\t<\/div>\n\t\t\t\t<div class=\"elementor-element elementor-element-cf819e1 elementor-align-center elementor-widget elementor-widget-button\" data-id=\"cf819e1\" data-element_type=\"widget\" data-widget_type=\"button.default\">\n\t\t\t\t<div class=\"elementor-widget-container\">\n\t\t\t\t\t<div class=\"elementor-button-wrapper\">\n\t\t\t<a class=\"elementor-button elementor-button-link elementor-size-sm\" href=\"https:\/\/mr-control.ch\/info\/mr-control-lizenz\/\">\n\t\t\t\t\t\t<span class=\"elementor-button-content-wrapper\">\n\t\t\t\t\t\t\t\t\t<span class=\"elementor-button-text\">MR Control Angebote<\/span>\n\t\t\t\t\t<\/span>\n\t\t\t\t\t<\/a>\n\t\t<\/div>\n\t\t\t\t<\/div>\n\t\t\t\t<\/div>\n\t\t\t\t<div class=\"elementor-element elementor-element-02fa23c elementor-widget elementor-widget-text-editor\" data-id=\"02fa23c\" data-element_type=\"widget\" data-widget_type=\"text-editor.default\">\n\t\t\t\t<div class=\"elementor-widget-container\">\n\t\t\t\t\t\t\tSie m\u00f6chten sich zuerst mit der Software vertraut machen? Kein Problem! <a href=\"https:\/\/mr-control.ch\/register\">Registrieren<\/a> Sie sich f\u00fcr die Demolizenz und testen Sie MR Control in Ihrem Betrieb.<br><br>Wenn Sie Fragen haben, z\u00f6gern Sie nicht uns zu kontaktieren. Unser Support steht Ihnen von Montag bis Freitag (B\u00fcrozeiten) zur Verf\u00fcgung und hilft Ihnen, das passende Angebot zu finden.\t\t\t\t\t\t<\/div>\n\t\t\t\t<\/div>\n\t\t\t\t\t<\/div>\n\t\t<\/div>\n\t\t\t\t\t<\/div>\n\t\t<\/section>\n\t\t\t\t<section class=\"elementor-section elementor-top-section elementor-element elementor-element-05ebee3 elementor-section-boxed elementor-section-height-default elementor-section-height-default\" data-id=\"05ebee3\" data-element_type=\"section\">\n\t\t\t\t\t\t<div class=\"elementor-container elementor-column-gap-default\">\n\t\t\t\t\t<div class=\"elementor-column elementor-col-100 elementor-top-column elementor-element elementor-element-29f9b92\" data-id=\"29f9b92\" data-element_type=\"column\">\n\t\t\t<div class=\"elementor-widget-wrap elementor-element-populated\">\n\t\t\t\t\t\t<div class=\"elementor-element elementor-element-be82bb2 elementor-widget elementor-widget-spacer\" data-id=\"be82bb2\" data-element_type=\"widget\" data-widget_type=\"spacer.default\">\n\t\t\t\t<div class=\"elementor-widget-container\">\n\t\t\t\t\t<div class=\"elementor-spacer\">\n\t\t\t<div class=\"elementor-spacer-inner\"><\/div>\n\t\t<\/div>\n\t\t\t\t<\/div>\n\t\t\t\t<\/div>\n\t\t\t\t\t<\/div>\n\t\t<\/div>\n\t\t\t\t\t<\/div>\n\t\t<\/section>\n\t\t\t\t<section class=\"elementor-section elementor-top-section elementor-element elementor-element-206155a elementor-section-height-min-height elementor-section-boxed elementor-section-height-default elementor-section-items-middle\" data-id=\"206155a\" data-element_type=\"section\">\n\t\t\t\t\t\t\t<div class=\"elementor-background-overlay\"><\/div>\n\t\t\t\t\t\t\t<div class=\"elementor-container elementor-column-gap-default\">\n\t\t\t\t\t<div class=\"elementor-column elementor-col-100 elementor-top-column elementor-element elementor-element-91f389b\" data-id=\"91f389b\" data-element_type=\"column\">\n\t\t\t<div class=\"elementor-widget-wrap elementor-element-populated\">\n\t\t\t\t\t\t<div class=\"elementor-element elementor-element-3c15351 elementor-widget elementor-widget-spacer\" data-id=\"3c15351\" data-element_type=\"widget\" data-widget_type=\"spacer.default\">\n\t\t\t\t<div class=\"elementor-widget-container\">\n\t\t\t\t\t<div class=\"elementor-spacer\">\n\t\t\t<div class=\"elementor-spacer-inner\"><\/div>\n\t\t<\/div>\n\t\t\t\t<\/div>\n\t\t\t\t<\/div>\n\t\t\t\t\t<\/div>\n\t\t<\/div>\n\t\t\t\t\t<\/div>\n\t\t<\/section>\n\t\t\t\t<\/div>\n\t\t","protected":false},"excerpt":{"rendered":"<p>Referenzen aus der Maschinenring Branche Warum sollten auch Sie MR Control nutzen? Referenzen aus der Maschinenring Branche. Fabian Br\u00fchwiler, Gesch\u00e4ftsf\u00fchrer Maschinenring Schweiz: \u00abDie Zeiterfassung und Maschinenstunden wurden von Hand auf den entsprechenden Rapportbl\u00e4ttern durch die Mitarbeiter erfasst. Anschliessend wurden die Rapportbl\u00e4tter durch das Sekretariat ins Digitale transferiert. Mit MR Control k\u00f6nnen wir nun jederzeit nachschauen, [&hellip;]<\/p>\n","protected":false},"author":2,"featured_media":0,"parent":0,"menu_order":0,"comment_status":"closed","ping_status":"closed","template":"","meta":{"footnotes":""},"class_list":["post-206","page","type-page","status-publish","hentry"],"yoast_head":"<!-- This site is optimized with the Yoast SEO plugin v23.1 - https:\/\/yoast.com\/wordpress\/plugins\/seo\/ -->\n<title>Referenzen aus der Maschinenring Branche | MR Control<\/title>\n<meta name=\"description\" content=\"Sie finden hier wertvolle Referenzen aus der Maschinenring Branche von erfahrenen MS Control Benutzern. \u00dcberzeugen Sie sich selbst.\" \/>\n<meta name=\"robots\" content=\"index, follow, max-snippet:-1, max-image-preview:large, max-video-preview:-1\" \/>\n<link rel=\"canonical\" href=\"https:\/\/mr-control.ch\/info\/referenzen-maschinenring\/\" \/>\n<meta property=\"og:locale\" content=\"de_DE\" \/>\n<meta property=\"og:type\" content=\"article\" \/>\n<meta property=\"og:title\" content=\"Referenzen aus der Maschinenring Branche | MR Control\" \/>\n<meta property=\"og:description\" content=\"Sie finden hier wertvolle Referenzen aus der Maschinenring Branche von erfahrenen MS Control Benutzern. \u00dcberzeugen Sie sich selbst.\" \/>\n<meta property=\"og:url\" content=\"https:\/\/mr-control.ch\/info\/referenzen-maschinenring\/\" \/>\n<meta property=\"og:site_name\" content=\"Maschinenring\" \/>\n<meta property=\"article:modified_time\" content=\"2020-01-17T14:18:09+00:00\" \/>\n<meta property=\"og:image\" content=\"https:\/\/mr-control.ch\/info\/wp-content\/uploads\/2020\/01\/csm_Fabian_Bruehwile_01_23c96fbfd9.png\" \/>\n<meta name=\"twitter:card\" content=\"summary_large_image\" \/>\n<meta name=\"twitter:label1\" content=\"Gesch\u00e4tzte Lesezeit\" \/>\n\t<meta name=\"twitter:data1\" content=\"2 Minuten\" \/>\n<script type=\"application\/ld+json\" class=\"yoast-schema-graph\">{\"@context\":\"https:\/\/schema.org\",\"@graph\":[{\"@type\":\"WebPage\",\"@id\":\"https:\/\/mr-control.ch\/info\/referenzen-maschinenring\/\",\"url\":\"https:\/\/mr-control.ch\/info\/referenzen-maschinenring\/\",\"name\":\"Referenzen aus der Maschinenring Branche | MR Control\",\"isPartOf\":{\"@id\":\"https:\/\/mr-control.ch\/info\/#website\"},\"primaryImageOfPage\":{\"@id\":\"https:\/\/mr-control.ch\/info\/referenzen-maschinenring\/#primaryimage\"},\"image\":{\"@id\":\"https:\/\/mr-control.ch\/info\/referenzen-maschinenring\/#primaryimage\"},\"thumbnailUrl\":\"https:\/\/mr-control.ch\/info\/wp-content\/uploads\/2020\/01\/csm_Fabian_Bruehwile_01_23c96fbfd9.png\",\"datePublished\":\"2019-12-31T18:49:12+00:00\",\"dateModified\":\"2020-01-17T14:18:09+00:00\",\"description\":\"Sie finden hier wertvolle Referenzen aus der Maschinenring Branche von erfahrenen MS Control Benutzern. \u00dcberzeugen Sie sich selbst.\",\"breadcrumb\":{\"@id\":\"https:\/\/mr-control.ch\/info\/referenzen-maschinenring\/#breadcrumb\"},\"inLanguage\":\"de-CH\",\"potentialAction\":[{\"@type\":\"ReadAction\",\"target\":[\"https:\/\/mr-control.ch\/info\/referenzen-maschinenring\/\"]}]},{\"@type\":\"ImageObject\",\"inLanguage\":\"de-CH\",\"@id\":\"https:\/\/mr-control.ch\/info\/referenzen-maschinenring\/#primaryimage\",\"url\":\"https:\/\/mr-control.ch\/info\/wp-content\/uploads\/2020\/01\/csm_Fabian_Bruehwile_01_23c96fbfd9.png\",\"contentUrl\":\"https:\/\/mr-control.ch\/info\/wp-content\/uploads\/2020\/01\/csm_Fabian_Bruehwile_01_23c96fbfd9.png\",\"width\":126,\"height\":117,\"caption\":\"Referenzen aus der Maschinenring Branche\"},{\"@type\":\"BreadcrumbList\",\"@id\":\"https:\/\/mr-control.ch\/info\/referenzen-maschinenring\/#breadcrumb\",\"itemListElement\":[{\"@type\":\"ListItem\",\"position\":1,\"name\":\"Home\",\"item\":\"https:\/\/mr-control.ch\/info\/\"},{\"@type\":\"ListItem\",\"position\":2,\"name\":\"Referenzen\"}]},{\"@type\":\"WebSite\",\"@id\":\"https:\/\/mr-control.ch\/info\/#website\",\"url\":\"https:\/\/mr-control.ch\/info\/\",\"name\":\"Maschinenring\",\"description\":\"Die bequemste und effizienteste Art, Ihren Betrieb zu verwalten.\",\"potentialAction\":[{\"@type\":\"SearchAction\",\"target\":{\"@type\":\"EntryPoint\",\"urlTemplate\":\"https:\/\/mr-control.ch\/info\/?s={search_term_string}\"},\"query-input\":\"required name=search_term_string\"}],\"inLanguage\":\"de-CH\"}]}<\/script>\n<!-- \/ Yoast SEO plugin. -->","yoast_head_json":{"title":"Referenzen aus der Maschinenring Branche | MR Control","description":"Sie finden hier wertvolle Referenzen aus der Maschinenring Branche von erfahrenen MS Control Benutzern. \u00dcberzeugen Sie sich selbst.","robots":{"index":"index","follow":"follow","max-snippet":"max-snippet:-1","max-image-preview":"max-image-preview:large","max-video-preview":"max-video-preview:-1"},"canonical":"https:\/\/mr-control.ch\/info\/referenzen-maschinenring\/","og_locale":"de_DE","og_type":"article","og_title":"Referenzen aus der Maschinenring Branche | MR Control","og_description":"Sie finden hier wertvolle Referenzen aus der Maschinenring Branche von erfahrenen MS Control Benutzern. \u00dcberzeugen Sie sich selbst.","og_url":"https:\/\/mr-control.ch\/info\/referenzen-maschinenring\/","og_site_name":"Maschinenring","article_modified_time":"2020-01-17T14:18:09+00:00","og_image":[{"url":"https:\/\/mr-control.ch\/info\/wp-content\/uploads\/2020\/01\/csm_Fabian_Bruehwile_01_23c96fbfd9.png"}],"twitter_card":"summary_large_image","twitter_misc":{"Gesch\u00e4tzte Lesezeit":"2 Minuten"},"schema":{"@context":"https:\/\/schema.org","@graph":[{"@type":"WebPage","@id":"https:\/\/mr-control.ch\/info\/referenzen-maschinenring\/","url":"https:\/\/mr-control.ch\/info\/referenzen-maschinenring\/","name":"Referenzen aus der Maschinenring Branche | MR Control","isPartOf":{"@id":"https:\/\/mr-control.ch\/info\/#website"},"primaryImageOfPage":{"@id":"https:\/\/mr-control.ch\/info\/referenzen-maschinenring\/#primaryimage"},"image":{"@id":"https:\/\/mr-control.ch\/info\/referenzen-maschinenring\/#primaryimage"},"thumbnailUrl":"https:\/\/mr-control.ch\/info\/wp-content\/uploads\/2020\/01\/csm_Fabian_Bruehwile_01_23c96fbfd9.png","datePublished":"2019-12-31T18:49:12+00:00","dateModified":"2020-01-17T14:18:09+00:00","description":"Sie finden hier wertvolle Referenzen aus der Maschinenring Branche von erfahrenen MS Control Benutzern. \u00dcberzeugen Sie sich selbst.","breadcrumb":{"@id":"https:\/\/mr-control.ch\/info\/referenzen-maschinenring\/#breadcrumb"},"inLanguage":"de-CH","potentialAction":[{"@type":"ReadAction","target":["https:\/\/mr-control.ch\/info\/referenzen-maschinenring\/"]}]},{"@type":"ImageObject","inLanguage":"de-CH","@id":"https:\/\/mr-control.ch\/info\/referenzen-maschinenring\/#primaryimage","url":"https:\/\/mr-control.ch\/info\/wp-content\/uploads\/2020\/01\/csm_Fabian_Bruehwile_01_23c96fbfd9.png","contentUrl":"https:\/\/mr-control.ch\/info\/wp-content\/uploads\/2020\/01\/csm_Fabian_Bruehwile_01_23c96fbfd9.png","width":126,"height":117,"caption":"Referenzen aus der Maschinenring Branche"},{"@type":"BreadcrumbList","@id":"https:\/\/mr-control.ch\/info\/referenzen-maschinenring\/#breadcrumb","itemListElement":[{"@type":"ListItem","position":1,"name":"Home","item":"https:\/\/mr-control.ch\/info\/"},{"@type":"ListItem","position":2,"name":"Referenzen"}]},{"@type":"WebSite","@id":"https:\/\/mr-control.ch\/info\/#website","url":"https:\/\/mr-control.ch\/info\/","name":"Maschinenring","description":"Die bequemste und effizienteste Art, Ihren Betrieb zu verwalten.","potentialAction":[{"@type":"SearchAction","target":{"@type":"EntryPoint","urlTemplate":"https:\/\/mr-control.ch\/info\/?s={search_term_string}"},"query-input":"required name=search_term_string"}],"inLanguage":"de-CH"}]}},"_links":{"self":[{"href":"https:\/\/mr-control.ch\/info\/wp-json\/wp\/v2\/pages\/206"}],"collection":[{"href":"https:\/\/mr-control.ch\/info\/wp-json\/wp\/v2\/pages"}],"about":[{"href":"https:\/\/mr-control.ch\/info\/wp-json\/wp\/v2\/types\/page"}],"author":[{"embeddable":true,"href":"https:\/\/mr-control.ch\/info\/wp-json\/wp\/v2\/users\/2"}],"replies":[{"embeddable":true,"href":"https:\/\/mr-control.ch\/info\/wp-json\/wp\/v2\/comments?post=206"}],"version-history":[{"count":45,"href":"https:\/\/mr-control.ch\/info\/wp-json\/wp\/v2\/pages\/206\/revisions"}],"predecessor-version":[{"id":554,"href":"https:\/\/mr-control.ch\/info\/wp-json\/wp\/v2\/pages\/206\/revisions\/554"}],"wp:attachment":[{"href":"https:\/\/mr-control.ch\/info\/wp-json\/wp\/v2\/media?parent=206"}],"curies":[{"name":"wp","href":"https:\/\/api.w.org\/{rel}","templated":true}]}}